 3*a**2 + 3*a + 1. Let j be k(-3). Let f = -2 + j. Let c = 30 - f. What is the greatest common divisor of 52 and c?
13
Let d(q) = -2 + q + 2. Let p be d(2). Let f(n) = 2*n + 2. Let c be f(4). Calculate the highest common factor of p and c.
2
Suppose 3*l - 2*a = 2*l + 44, -4*l = -3*a - 186. Let t = 14 - 8. What is the greatest common factor of l and t?
6
Let l be (-1 + 1 - 1)*-126. What is the highest common divisor of l and 14?
14
Let r(z) = z + 0*z - 2*z**2 + 0*z**2 + 5*z**3. Let o be r(1). Calculate the greatest common divisor of o and 4.
4
Let t = 9 - 5. Let v be (-3)/1 + t*2. Suppose -v*o - 20 = -6*o. What is the greatest common divisor of 50 and o?
10
Let i be 5 - (-1 + -1 - -2). Let y(p) = p + 8. Let m be y(-6). Calculate the greatest common divisor of i and m.
1
Let a be (-2)/(-10) + 1185/75. Calculate the greatest common divisor of a and 128.
16
Let d(k) = 8*k**2 + 1. Let x be d(1). What is the greatest common divisor of 36 and x?
9
Suppose -7*v = -6*v. Suppose i = 5*o - 74, v = o + 5*i + 1 - 21. What is the greatest common factor of o and 75?
15
Let w = -2 - -26. Suppose v = g - w, -v + g - 20 = 2*g. Let o = 14 - v. Calculate the greatest common divisor of o and 18.
18
Let a = 427 + 3. Suppose -3*r + 404 + a = 0. Suppose n + 147 = p - n, -4*n + r = 2*p. Calculate the highest common divisor of p and 13.
13
Suppose 10*z - 36 = -4*m + 8*z, -3*m + 4*z = -38. Calculate the greatest common factor of 110 and m.
10
Let v be (4 - 2)*2*-5. Let o = 94 - v. Suppose o = 2*f + 2*s, f - 2*s = -f + 106. What is the greatest common divisor of f and 11?
11
Suppose -162 = -4*n + 3*c, 7*n - 128 = 4*n - c. Let l be (n/24)/(1/4). What is the highest common factor of l and 35?
7
Suppose -2*b + 4*u = -34, 0 = 3*u - 3 + 15. Suppose p + 302 = -c + 4*c, -c + 104 = -p. Suppose s - 2*s = -c. Calculate the greatest common divisor of s and b.
9
Suppose 5*h = -0*h + 110. Let x = 37 - h. Calculate the highest common divisor of x and 165.
15
Suppose 16*p - 11*p = 55. What is the greatest common divisor of p and 88?
11
Suppose t - 56 = -3*t. Let u be -1*(-1)/((-5)/(-140)). Calculate the greatest common factor of u and t.
14
Let t be (-3 + 45/5)*6. Calculate the greatest common divisor of 27 and t.
9
Suppose 5*o - 27 = 63. Let u be (80/48)/((-5)/(-6)). What is the greatest common factor of o and u?
2
Let p(o) = o**2 - 8*o + 12. Let t be p(8). Let r = 4 + -3. Let n be r/4 - (-15)/4. What is the greatest common factor of t and n?
4
Let h be (13/2)/((-5)/(-10)). Suppose 4*g - 31 = h. Suppose -5*f = 4*b - 333, -139 = -2*b + 3*f - 0*f. What is the greatest common divisor of g and b?
11
Let s(v) = v**2 + 1. Let w be s(1). Calculate the greatest common divisor of 6 and w.
2
Let m = -52 + 76. Calculate the greatest common factor of 8 and m.
8
Let o be ((-46)/4)/((-1)/6). Let p = -161 + o. Let q be 12/(-8)*p/6. Calculate the highest common divisor of q and 69.
23
Let l = 103 - 23. Calculate the highest common divisor of l and 10.
10
Suppose -135 = 6*n - 11*n. Let u(m) = m**3 + 12*m**2 + 9*m - 13. Let w be u(-11). Calculate the highest common divisor of w and n.
9
Suppose 0*g - g + 34 = 0. What is the greatest common divisor of 17 and g?
17
Let w(m) = -8*m**2 - 2*m**3 + 12*m + 3*m**3 - 2*m - 2*m - 6. Suppose -4*u + 35 = u. Let n be w(u). Calculate the highest common factor of 1 and n.
1
Let j = 488 + -240. What is the highest common divisor of 31 and j?
31
Let g be -3*5/(-45)*57. What is the highest common divisor of g and 19?
19
Suppose 4*u - 66 = 94. Let m be 106/8 - 10/u. Calculate the highest common factor of m and 65.
13
Suppose -16 = 4*s - 5*s. Let l = -47 - -71. Calculate the greatest common factor of s and l.
8
Let s = -107 + 155. Calculate the greatest common divisor of 6 and s.
6
Let u(o) = o**3 + 7*o**2 + 5*o - 4. Let m be u(-6). Let t(c) = c**3 - 2*c**2 - 2*c - 1. Let b be t(3). Calculate the highest common factor of b and m.
2
Let b = 151 + -138. Calculate the greatest common divisor of 104 and b.
13
Suppose -5*m = 2*s + 88, -m + 5*s - 8 - 15 = 0. Let w be 2/3 + (-3516)/m. What is the highest common factor of 28 and w?
28
Let k(t) = 0*t**2 + 5 + t**2 - t + 0*t**2. Let l be k(4). What is the greatest common divisor of l and 68?
17
Let s = -2 + 7. Suppose s*v - 10 = -0*v. Suppose 5*p = 5*x - 20, 0 = x + x + 4*p + 4. What is the greatest common factor of v and x?
2
Let l be 20 - (1 + 2 + -2). Calculate the highest common factor of l and 76.
19
Let c(y) = 5*y + 2. Let w be c(2). Let g = 56 + -48. Calculate the greatest common factor of g and w.
4
Let y(t) = 3*t - 1. Let o be y(7). Let w(q) = -q**2 - 13*q + 8. Let f be w(-11). Calculate the greatest common divisor of o and f.
10
Let u be (6/2)/((-1)/(-16)). Suppose -5*m - 22*m + 162 = 0. What is the greatest common divisor of u and m?
6
Let u = -95 + 134. Calculate the highest common factor of 273 and u.
39
Let z(d) = d**2 + 9*d + 26. Let j be z(-5). Calculate the greatest common factor of j and 102.
6
Suppose -3*q = -4*k + 77, -2*k + k = 5*q - 25. What is the highest common divisor of 20 and k?
20
Let d(g) = -g**3 + g**2 + 2*g. Let s be d(-3). What is the greatest common divisor of s and 10?
10
Suppose 0 = 5*r - r - 24. Let c be (-6)/(-18) - (-16)/r. What is the highest common factor of c and 2?
1
Let f be 5/5*(50 + 3). What is the greatest common divisor of f and 53?
53
Let c be 0 - (-3 + -1 + -8). Let j be (-2)/c + 1022/12. What is the greatest common factor of j and 17?
17
Let m be 204/20 + 2/(-10). What is the highest common divisor of m and 80?
10
Suppose -3*n = -5*h - 7*n + 63, -2*n = -3*h + 29. What is the highest common divisor of h and 11?
11
Let u(p) = 2*p**3 + p**2 + p - 2. Let c be u(2). Let r = c + -11. Let o be 9/(-2)*(-12)/r. Calculate the highest common factor of o and 12.
6
Let n(h) = h - 26. Let t be n(8). Let a be 6/(-4)*156/t. Calculate the highest common divisor of a and 26.
13
Let r = 5 + 3. Calculate the highest common factor of r and 1.
1
Let o be 62/6 + 2/3. Let y = 6 + -20. Let m = y + 135. What is the highest common divisor of m and o?
11
Suppose -20*h + 422 + 338 = 0. What is the highest common factor of 266 and h?
38
Suppose -868 = -5*p + 4*v, -6*v = -4*p - 3*v + 695. Let u(x) = 3*x - 2. Let j be 52/9 + 2/9. Let i be u(j). What is the highest common divisor of p and i?
16
Suppose -5*f + 84 = 3*v, 2*f - 4*f + 5*v + 46 = 0. Suppose -2*r - 4 = 0, -q - 5*r - 496 = -4*q. What is the highest common factor of q and f?
18
Suppose -3*b - 30 = -6*b. Let d(n) = n**2 + 10*n + 7. Let y be d(-9). Let f = y - -12. What is the greatest common divisor of b and f?
10
Let r(x) = 0*x - 7 + 2*x + 0*x. Let m be r(5). Calculate the greatest common divisor of 6 and m.
3
Suppose -5*s + 35 - 5 = m, -5*s = 4*m - 30. Suppose 3*g + 2*z - 345 = 0, -s*g - 5*z + 575 = -g. Calculate the greatest common factor of g and 46.
23
Let y(g) = 16*g + 6. Let m be y(-6). Let d be (2/5)/((-3)/m). What is the greatest common divisor of 36 and d?
12
Let m(n) = 59*n + 1. Let t be m(-1). Let h = -26 - t. Calculate the highest common divisor of h and 80.
16
Suppose a = -2*q + 7*q - 79, a = -4*q - 34. Let b = -38 - a. Suppose -2*r + b = -14. Calculate the greatest common factor of 60 and r.
15
Let x = -1 + 19. Let q = 4 + 0. Suppose 72 = q*h - 3*h. Calculate the highest common divisor of h and x.
18
Let h be (-6)/(-4)*(5 + -1). Let y = h + -26. Let o = 35 + y. Calculate the greatest common factor of o and 5.
5
Let o be ((-28)/10)/((-2)/20). Let b(m) = -9*m - 11. Let z be b(-2). Calculate the greatest common factor of o and z.
7
Let r be (-9)/(-15) + 0 + (-102)/(-30). Calculate the highest common divisor of 6 and r.
2
Let l(k) = -51*k**2 - 1. Let o be l(-1). Let y be (3/6)/((-2)/o). Suppose 3*t + f - 160 = -f, -4*t + 5*f = -198. What is the highest common factor of t and y?
13
Suppose 0 = -8*m + 4*m + 72. Calculate the highest common divisor of 6 and m.
6
Suppose -4*d - 220 = -3*z, 4*z + d - 235 - 90 = 0. What is the highest common factor of 48 and z?
16
Suppose 0 = -2*i - 1 + 11. Let g(d) = d**2 - 4*d + 7. Let o be g(i). Calculate the greatest common factor of 36 and o.
12
Let j = 251 - 238. Let y(m) = -34*m - 3. Suppose u + 11 = -4*l, -l - 2*l = 3*u + 15. Let z be y(l). What is the highest common divisor of z and j?
13
Let j be (1/2)/(